{"id":1839,"date":"2023-11-10T13:11:20","date_gmt":"2023-11-10T12:11:20","guid":{"rendered":"https:\/\/olfactifia.fr\/?post_type=product&#038;p=1839"},"modified":"2024-03-14T11:02:03","modified_gmt":"2024-03-14T10:02:03","slug":"recharge-envolee-parfumee-pro","status":"publish","type":"product","link":"https:\/\/olfactifia.com\/index.php\/product\/recharge-envolee-parfumee-pro\/","title":{"rendered":"Envol\u00e9e Parfum\u00e9e Perfume Refill for Host"},"content":{"rendered":"\r\n<p>Renew your experience with our Envol\u00e9e Parfum\u00e9e Diffuser Refill, allowing you to extend your journey into the softness and delicacy of this fragrance.<\/p>\r\n<p>Ensure that your ambiance diffuser is ready to receive the refill. To do this, simply fill it using the provided funnel. Our ambiance diffuser refill prolongs the sensory experience imbued with purity in your space. It is crafted with the same quality as our original product, ensuring you continue immersion in the light and delicate notes.<\/p>\r\n<p>Treat yourself to a cocoon of softness and serenity at any time by refilling your diffuser.<\/p>\r\n","protected":false},"excerpt":{"rendered":"<p><strong>200ml Perfume refill<\/strong><br \/>Host price\u00a0<\/p>\n","protected":false},"featured_media":2416,"comment_status":"open","ping_status":"closed","template":"","meta":{"_kadence_starter_templates_imported_post":false,"_kad_post_transparent":"default","_kad_post_title":"","_kad_post_layout":"default","_kad_post_sidebar_id":"","_kad_post_content_style":"default","_kad_post_vertical_padding":"default","_kad_post_feature":"","_kad_post_feature_position":"","_kad_post_header":false,"_kad_post_footer":false},"product_brand":[],"product_cat":[29],"product_tag":[],"class_list":{"0":"post-1839","1":"product","2":"type-product","3":"status-publish","4":"has-post-thumbnail","6":"product_cat-envolee-parfumee-host","8":"first","9":"instock","10":"taxable","11":"shipping-taxable","12":"purchasable","13":"product-type-simple","14":"entry","15":"content-bg","16":"loop-entry"},"yoast_head":"<!-- This site is optimized with the Yoast SEO plugin v26.3 - https:\/\/yoast.com\/wordpress\/plugins\/seo\/ -->\n<title>Envol\u00e9e Parfum\u00e9e Perfume Refill for Host - olfactifia<\/title>\n<meta name=\"description\" content=\"Renew your experience with our Envol\u00e9e Parfum\u00e9e Diffuser Refill, allowing you to extend your journey into the softness and delicacy of this fragrance.\" \/>\n<meta name=\"robots\" content=\"index, follow, max-snippet:-1, max-image-preview:large, max-video-preview:-1\" \/>\n<link rel=\"canonical\" href=\"https:\/\/olfactifia.com\/index.php\/product\/recharge-envolee-parfumee-pro\/\" \/>\n<meta property=\"og:locale\" content=\"en_US\" \/>\n<meta property=\"og:type\" content=\"article\" \/>\n<meta property=\"og:title\" content=\"Envol\u00e9e Parfum\u00e9e Perfume Refill for Host - olfactifia\" \/>\n<meta property=\"og:description\" content=\"Renew your experience with our Envol\u00e9e Parfum\u00e9e Diffuser Refill, allowing you to extend your journey into the softness and delicacy of this fragrance.\" \/>\n<meta property=\"og:url\" content=\"https:\/\/olfactifia.com\/index.php\/product\/recharge-envolee-parfumee-pro\/\" \/>\n<meta property=\"og:site_name\" content=\"olfactifia\" \/>\n<meta property=\"article:modified_time\" content=\"2024-03-14T10:02:03+00:00\" \/>\n<meta property=\"og:image\" content=\"https:\/\/olfactifia.com\/wp-content\/uploads\/2023\/11\/Recharge-Envolee-Parfumee-1024x1016.jpg\" \/>\n\t<meta property=\"og:image:width\" content=\"1024\" \/>\n\t<meta property=\"og:image:height\" content=\"1016\" \/>\n\t<meta property=\"og:image:type\" content=\"image\/jpeg\" \/>\n<meta name=\"twitter:card\" content=\"summary_large_image\" \/>\n<meta name=\"twitter:label1\" content=\"Est. reading time\" \/>\n\t<meta name=\"twitter:data1\" content=\"1 minute\" \/>\n<script type=\"application\/ld+json\" class=\"yoast-schema-graph\">{\"@context\":\"https:\/\/schema.org\",\"@graph\":[{\"@type\":\"WebPage\",\"@id\":\"https:\/\/olfactifia.com\/index.php\/product\/recharge-envolee-parfumee-pro\/\",\"url\":\"https:\/\/olfactifia.com\/index.php\/product\/recharge-envolee-parfumee-pro\/\",\"name\":\"Envol\u00e9e Parfum\u00e9e Perfume Refill for Host - olfactifia\",\"isPartOf\":{\"@id\":\"https:\/\/olfactifia.com\/#website\"},\"primaryImageOfPage\":{\"@id\":\"https:\/\/olfactifia.com\/index.php\/product\/recharge-envolee-parfumee-pro\/#primaryimage\"},\"image\":{\"@id\":\"https:\/\/olfactifia.com\/index.php\/product\/recharge-envolee-parfumee-pro\/#primaryimage\"},\"thumbnailUrl\":\"https:\/\/olfactifia.com\/wp-content\/uploads\/2023\/11\/Recharge-Envolee-Parfumee.jpg\",\"datePublished\":\"2023-11-10T12:11:20+00:00\",\"dateModified\":\"2024-03-14T10:02:03+00:00\",\"description\":\"Renew your experience with our Envol\u00e9e Parfum\u00e9e Diffuser Refill, allowing you to extend your journey into the softness and delicacy of this fragrance.\",\"breadcrumb\":{\"@id\":\"https:\/\/olfactifia.com\/index.php\/product\/recharge-envolee-parfumee-pro\/#breadcrumb\"},\"inLanguage\":\"en-US\",\"potentialAction\":[{\"@type\":\"ReadAction\",\"target\":[\"https:\/\/olfactifia.com\/index.php\/product\/recharge-envolee-parfumee-pro\/\"]}]},{\"@type\":\"ImageObject\",\"inLanguage\":\"en-US\",\"@id\":\"https:\/\/olfactifia.com\/index.php\/product\/recharge-envolee-parfumee-pro\/#primaryimage\",\"url\":\"https:\/\/olfactifia.com\/wp-content\/uploads\/2023\/11\/Recharge-Envolee-Parfumee.jpg\",\"contentUrl\":\"https:\/\/olfactifia.com\/wp-content\/uploads\/2023\/11\/Recharge-Envolee-Parfumee.jpg\",\"width\":2366,\"height\":2347},{\"@type\":\"BreadcrumbList\",\"@id\":\"https:\/\/olfactifia.com\/index.php\/product\/recharge-envolee-parfumee-pro\/#breadcrumb\",\"itemListElement\":[{\"@type\":\"ListItem\",\"position\":1,\"name\":\"Accueil\",\"item\":\"https:\/\/olfactifia.com\/\"},{\"@type\":\"ListItem\",\"position\":2,\"name\":\"Products\",\"item\":\"https:\/\/olfactifia.com\/index.php\/shop\/\"},{\"@type\":\"ListItem\",\"position\":3,\"name\":\"Envol\u00e9e Parfum\u00e9e Perfume Refill for Host\"}]},{\"@type\":\"WebSite\",\"@id\":\"https:\/\/olfactifia.com\/#website\",\"url\":\"https:\/\/olfactifia.com\/\",\"name\":\"Olfactifia\",\"description\":\"Parfum d&#039;ambiance pour les professionnels du tourisme\",\"publisher\":{\"@id\":\"https:\/\/olfactifia.com\/#organization\"},\"potentialAction\":[{\"@type\":\"SearchAction\",\"target\":{\"@type\":\"EntryPoint\",\"urlTemplate\":\"https:\/\/olfactifia.com\/?s={search_term_string}\"},\"query-input\":{\"@type\":\"PropertyValueSpecification\",\"valueRequired\":true,\"valueName\":\"search_term_string\"}}],\"inLanguage\":\"en-US\"},{\"@type\":\"Organization\",\"@id\":\"https:\/\/olfactifia.com\/#organization\",\"name\":\"Olfactifia\",\"url\":\"https:\/\/olfactifia.com\/\",\"logo\":{\"@type\":\"ImageObject\",\"inLanguage\":\"en-US\",\"@id\":\"https:\/\/olfactifia.com\/#\/schema\/logo\/image\/\",\"url\":\"https:\/\/olfactifia.com\/wp-content\/uploads\/2023\/12\/logo-PS-fleur.png\",\"contentUrl\":\"https:\/\/olfactifia.com\/wp-content\/uploads\/2023\/12\/logo-PS-fleur.png\",\"width\":1050,\"height\":600,\"caption\":\"Olfactifia\"},\"image\":{\"@id\":\"https:\/\/olfactifia.com\/#\/schema\/logo\/image\/\"}}]}<\/script>\n<!-- \/ Yoast SEO plugin. -->","yoast_head_json":{"title":"Envol\u00e9e Parfum\u00e9e Perfume Refill for Host - olfactifia","description":"Renew your experience with our Envol\u00e9e Parfum\u00e9e Diffuser Refill, allowing you to extend your journey into the softness and delicacy of this fragrance.","robots":{"index":"index","follow":"follow","max-snippet":"max-snippet:-1","max-image-preview":"max-image-preview:large","max-video-preview":"max-video-preview:-1"},"canonical":"https:\/\/olfactifia.com\/index.php\/product\/recharge-envolee-parfumee-pro\/","og_locale":"en_US","og_type":"article","og_title":"Envol\u00e9e Parfum\u00e9e Perfume Refill for Host - olfactifia","og_description":"Renew your experience with our Envol\u00e9e Parfum\u00e9e Diffuser Refill, allowing you to extend your journey into the softness and delicacy of this fragrance.","og_url":"https:\/\/olfactifia.com\/index.php\/product\/recharge-envolee-parfumee-pro\/","og_site_name":"olfactifia","article_modified_time":"2024-03-14T10:02:03+00:00","og_image":[{"width":1024,"height":1016,"url":"https:\/\/olfactifia.com\/wp-content\/uploads\/2023\/11\/Recharge-Envolee-Parfumee-1024x1016.jpg","type":"image\/jpeg"}],"twitter_card":"summary_large_image","twitter_misc":{"Est. reading time":"1 minute"},"schema":{"@context":"https:\/\/schema.org","@graph":[{"@type":"WebPage","@id":"https:\/\/olfactifia.com\/index.php\/product\/recharge-envolee-parfumee-pro\/","url":"https:\/\/olfactifia.com\/index.php\/product\/recharge-envolee-parfumee-pro\/","name":"Envol\u00e9e Parfum\u00e9e Perfume Refill for Host - olfactifia","isPartOf":{"@id":"https:\/\/olfactifia.com\/#website"},"primaryImageOfPage":{"@id":"https:\/\/olfactifia.com\/index.php\/product\/recharge-envolee-parfumee-pro\/#primaryimage"},"image":{"@id":"https:\/\/olfactifia.com\/index.php\/product\/recharge-envolee-parfumee-pro\/#primaryimage"},"thumbnailUrl":"https:\/\/olfactifia.com\/wp-content\/uploads\/2023\/11\/Recharge-Envolee-Parfumee.jpg","datePublished":"2023-11-10T12:11:20+00:00","dateModified":"2024-03-14T10:02:03+00:00","description":"Renew your experience with our Envol\u00e9e Parfum\u00e9e Diffuser Refill, allowing you to extend your journey into the softness and delicacy of this fragrance.","breadcrumb":{"@id":"https:\/\/olfactifia.com\/index.php\/product\/recharge-envolee-parfumee-pro\/#breadcrumb"},"inLanguage":"en-US","potentialAction":[{"@type":"ReadAction","target":["https:\/\/olfactifia.com\/index.php\/product\/recharge-envolee-parfumee-pro\/"]}]},{"@type":"ImageObject","inLanguage":"en-US","@id":"https:\/\/olfactifia.com\/index.php\/product\/recharge-envolee-parfumee-pro\/#primaryimage","url":"https:\/\/olfactifia.com\/wp-content\/uploads\/2023\/11\/Recharge-Envolee-Parfumee.jpg","contentUrl":"https:\/\/olfactifia.com\/wp-content\/uploads\/2023\/11\/Recharge-Envolee-Parfumee.jpg","width":2366,"height":2347},{"@type":"BreadcrumbList","@id":"https:\/\/olfactifia.com\/index.php\/product\/recharge-envolee-parfumee-pro\/#breadcrumb","itemListElement":[{"@type":"ListItem","position":1,"name":"Accueil","item":"https:\/\/olfactifia.com\/"},{"@type":"ListItem","position":2,"name":"Products","item":"https:\/\/olfactifia.com\/index.php\/shop\/"},{"@type":"ListItem","position":3,"name":"Envol\u00e9e Parfum\u00e9e Perfume Refill for Host"}]},{"@type":"WebSite","@id":"https:\/\/olfactifia.com\/#website","url":"https:\/\/olfactifia.com\/","name":"Olfactifia","description":"Parfum d&#039;ambiance pour les professionnels du tourisme","publisher":{"@id":"https:\/\/olfactifia.com\/#organization"},"potentialAction":[{"@type":"SearchAction","target":{"@type":"EntryPoint","urlTemplate":"https:\/\/olfactifia.com\/?s={search_term_string}"},"query-input":{"@type":"PropertyValueSpecification","valueRequired":true,"valueName":"search_term_string"}}],"inLanguage":"en-US"},{"@type":"Organization","@id":"https:\/\/olfactifia.com\/#organization","name":"Olfactifia","url":"https:\/\/olfactifia.com\/","logo":{"@type":"ImageObject","inLanguage":"en-US","@id":"https:\/\/olfactifia.com\/#\/schema\/logo\/image\/","url":"https:\/\/olfactifia.com\/wp-content\/uploads\/2023\/12\/logo-PS-fleur.png","contentUrl":"https:\/\/olfactifia.com\/wp-content\/uploads\/2023\/12\/logo-PS-fleur.png","width":1050,"height":600,"caption":"Olfactifia"},"image":{"@id":"https:\/\/olfactifia.com\/#\/schema\/logo\/image\/"}}]}},"_links":{"self":[{"href":"https:\/\/olfactifia.com\/index.php\/wp-json\/wp\/v2\/product\/1839","targetHints":{"allow":["GET"]}}],"collection":[{"href":"https:\/\/olfactifia.com\/index.php\/wp-json\/wp\/v2\/product"}],"about":[{"href":"https:\/\/olfactifia.com\/index.php\/wp-json\/wp\/v2\/types\/product"}],"replies":[{"embeddable":true,"href":"https:\/\/olfactifia.com\/index.php\/wp-json\/wp\/v2\/comments?post=1839"}],"wp:featuredmedia":[{"embeddable":true,"href":"https:\/\/olfactifia.com\/index.php\/wp-json\/wp\/v2\/media\/2416"}],"wp:attachment":[{"href":"https:\/\/olfactifia.com\/index.php\/wp-json\/wp\/v2\/media?parent=1839"}],"wp:term":[{"taxonomy":"product_brand","embeddable":true,"href":"https:\/\/olfactifia.com\/index.php\/wp-json\/wp\/v2\/product_brand?post=1839"},{"taxonomy":"product_cat","embeddable":true,"href":"https:\/\/olfactifia.com\/index.php\/wp-json\/wp\/v2\/product_cat?post=1839"},{"taxonomy":"product_tag","embeddable":true,"href":"https:\/\/olfactifia.com\/index.php\/wp-json\/wp\/v2\/product_tag?post=1839"}],"curies":[{"name":"wp","href":"https:\/\/api.w.org\/{rel}","templated":true}]}}